{"id":113,"date":"2023-03-04T17:25:18","date_gmt":"2023-03-04T16:25:18","guid":{"rendered":"http:\/\/36properties.es\/?page_id=113"},"modified":"2023-03-12T06:09:49","modified_gmt":"2023-03-12T05:09:49","slug":"befektetoknek","status":"publish","type":"page","link":"https:\/\/36properties.es\/?page_id=113","title":{"rendered":"Befektet\u0151knek"},"content":{"rendered":"\n<p>Ha az ingatlan befektet\u00e9sre gondol Spanyolorsz\u00e1gban, akkor j\u00f3 helyen j\u00e1r! C\u00e9g\u00fcnk sz\u00e9les k\u00edn\u00e1lat\u00e1ban szerepelnek elad\u00f3 \u00e9s kiad\u00f3 ingatlanok k\u00fcl\u00f6nb\u00f6z\u0151 spanyol v\u00e1rosokban, amelyeket befektet\u0151ink sz\u00e1m\u00e1ra aj\u00e1nlunk. A k\u00edn\u00e1latunkban megtal\u00e1lhat\u00f3ak apartmanok, lak\u00e1sok, irodahelyis\u00e9gek, \u00fczlethelyis\u00e9gek \u00e9s m\u00e9g sok m\u00e1s.<\/p>\n\n\n\n<figure class=\"wp-block-image size-full\"><img loading=\"lazy\" decoding=\"async\" width=\"1800\" height=\"1201\" src=\"https:\/\/36properties.es\/wp-content\/uploads\/2023\/03\/investor.jpg\" alt=\"\" class=\"wp-image-13398\" srcset=\"https:\/\/36properties.es\/wp-content\/uploads\/2023\/03\/investor.jpg 1800w, https:\/\/36properties.es\/wp-content\/uploads\/2023\/03\/investor-1000x667.jpg 1000w, https:\/\/36properties.es\/wp-content\/uploads\/2023\/03\/investor-768x512.jpg 768w, https:\/\/36properties.es\/wp-content\/uploads\/2023\/03\/investor-1536x1025.jpg 1536w\" sizes=\"auto, (max-width: 1800px) 100vw, 1800px\" \/><\/figure>\n\n\n\n<p>Az elad\u00f3 \u00e9s kiad\u00f3 ingatlanok Spanyolorsz\u00e1gban kiv\u00e1l\u00f3 befektet\u00e9si lehet\u0151s\u00e9get k\u00edn\u00e1lnak azoknak, akik szeretn\u00e9nek r\u00e9szesedni az ingatlanpiac n\u00f6vekv\u0151 tendenci\u00e1ib\u00f3l. Az \u00e1rak versenyk\u00e9pesek \u00e9s az ingatlanok \u00e9rt\u00e9ke \u00e1ltal\u00e1ban stabil. Az ingatlanpiac Spanyolorsz\u00e1gban az elm\u00falt \u00e9vekben nagyon dinamikus volt, \u00e9s a korm\u00e1nyzati t\u00e1mogat\u00e1soknak k\u00f6sz\u00f6nhet\u0151en tov\u00e1bbra is n\u00f6vekedni fog.<\/p>\n\n\n\n<p>C\u00e9g\u00fcnk szakemberei mindig rendelkez\u00e9sre \u00e1llnak, hogy seg\u00edtsenek a befektet\u0151inknek kiv\u00e1lasztani az optim\u00e1lis ingatlanokat a befektet\u00e9si c\u00e9lok el\u00e9r\u00e9s\u00e9hez. A kiv\u00e1laszt\u00e1sn\u00e1l figyelembe vessz\u00fck az \u00fcgyfelek k\u00fcl\u00f6nb\u00f6z\u0151 ig\u00e9nyeit, p\u00e9ld\u00e1ul a lok\u00e1ci\u00f3t, az ingatlan t\u00edpus\u00e1t, az \u00e1rat \u00e9s az el\u00e9rhet\u0151 hozamot is.<\/p>\n\n\n\n<p>Az elad\u00f3 \u00e9s kiad\u00f3 ingatlanok Spanyolorsz\u00e1gban befektet\u00e9si lehet\u0151s\u00e9get k\u00edn\u00e1lnak, amelyek hossz\u00fa t\u00e1v\u00fa nyeres\u00e9get biztos\u00edtanak. A befektet\u0151k sz\u00e1m\u00e1ra javasoljuk az ingatlanok kiad\u00e1s\u00e1t, amelyek \u00e1ltal\u00e1ban magas hozamot biztos\u00edtanak. Az elad\u00f3 ingatlanokat \u00e9rdemes megv\u00e1s\u00e1rolni, ha hossz\u00fa t\u00e1v\u00fa befektet\u00e9si lehet\u0151s\u00e9get keres\u00fcnk.<\/p>\n\n\n\n<p>C\u00e9g\u00fcnk szakemberei nagy tapasztalattal rendelkeznek az ingatlanbefektet\u00e9sek ter\u00e9n, \u00e9s sz\u00edvesen seg\u00edtenek a befektet\u0151knek a legjobb befektet\u00e9si lehet\u0151s\u00e9gek kiv\u00e1laszt\u00e1s\u00e1ban Spanyolorsz\u00e1gban. Ha Spanyolorsz\u00e1gban elad\u00f3 vagy kiad\u00f3 ingatlanokra van sz\u00fcks\u00e9ge befektet\u00e9si c\u00e9lokra, forduljon hozz\u00e1nk bizalommal!<\/p>\n","protected":false},"excerpt":{"rendered":"<p>Ha az ingatlan befektet\u00e9sre gondol Spanyolorsz\u00e1gban, akkor j\u00f3 helyen j\u00e1r! C\u00e9g\u00fcnk sz\u00e9les k\u00edn\u00e1lat\u00e1ban szerepelnek elad\u00f3 \u00e9s kiad\u00f3 ingatlanok k\u00fcl\u00f6nb\u00f6z\u0151 spanyol v\u00e1rosokban, amelyeket befektet\u0151ink sz\u00e1m\u00e1ra aj\u00e1nlunk. A k\u00edn\u00e1latunkban megtal\u00e1lhat\u00f3ak apartmanok, lak\u00e1sok, irodahelyis\u00e9gek, \u00fczlethelyis\u00e9gek \u00e9s m\u00e9g sok m\u00e1s. Az elad\u00f3 \u00e9s kiad\u00f3 ingatlanok Spanyolorsz\u00e1gban kiv\u00e1l\u00f3 befektet\u00e9si lehet\u0151s\u00e9get k\u00edn\u00e1lnak azoknak, akik szeretn\u00e9nek r\u00e9szesedni az ingatlanpiac n\u00f6vekv\u0151 tendenci\u00e1ib\u00f3l. Az [&hellip;]<\/p>\n","protected":false},"author":1,"featured_media":0,"parent":77,"menu_order":0,"comment_status":"closed","ping_status":"closed","template":"","meta":{"footnotes":""},"class_list":["post-113","page","type-page","status-publish","hentry"],"_links":{"self":[{"href":"https:\/\/36properties.es\/index.php?rest_route=\/wp\/v2\/pages\/113","targetHints":{"allow":["GET"]}}],"collection":[{"href":"https:\/\/36properties.es\/index.php?rest_route=\/wp\/v2\/pages"}],"about":[{"href":"https:\/\/36properties.es\/index.php?rest_route=\/wp\/v2\/types\/page"}],"author":[{"embeddable":true,"href":"https:\/\/36properties.es\/index.php?rest_route=\/wp\/v2\/users\/1"}],"replies":[{"embeddable":true,"href":"https:\/\/36properties.es\/index.php?rest_route=%2Fwp%2Fv2%2Fcomments&post=113"}],"version-history":[{"count":2,"href":"https:\/\/36properties.es\/index.php?rest_route=\/wp\/v2\/pages\/113\/revisions"}],"predecessor-version":[{"id":13399,"href":"https:\/\/36properties.es\/index.php?rest_route=\/wp\/v2\/pages\/113\/revisions\/13399"}],"up":[{"embeddable":true,"href":"https:\/\/36properties.es\/index.php?rest_route=\/wp\/v2\/pages\/77"}],"wp:attachment":[{"href":"https:\/\/36properties.es\/index.php?rest_route=%2Fwp%2Fv2%2Fmedia&parent=113"}],"curies":[{"name":"wp","href":"https:\/\/api.w.org\/{rel}","templated":true}]}}